23414?
4
What is the units digit of 2939481?
1
What is the hundred thousands digit of 204136?
2
What is the millions digit of 33377095?
3
What is the tens digit of 360055?
5
What is the ten thousands digit of 86655?
8
What is the millions digit of 2666502?
2
What is the hundreds digit of 1319644?
6
What is the units digit of 360431?
1
What is the hundreds digit of 114858?
8
What is the thousands digit of 285732?
5
What is the hundreds digit of 1129686?
6
What is the units digit of 986879?
9
What is the hundred thousands digit of 807082?
8
What is the ten thousands digit of 842066?
4
What is the ten millions digit of 37663534?
3
What is the ten thousands digit of 842639?
4
What is the units digit of 1584748?
8
What is the hundreds digit of 13722972?
9
What is the ten thousands digit of 733873?
3
What is the hundreds digit of 20479338?
3
What is the hundreds digit of 5449744?
7
What is the hundreds digit of 93642?
6
What is the ten thousands digit of 1592311?
9
What is the tens digit of 22888802?
0
What is the hundred thousands digit of 3033798?
0
What is the tens digit of 238374?
7
What is the hundreds digit of 2350452?
4
What is the thousands digit of 134835?
4
What is the units digit of 2344077?
7
What is the units digit of 3694935?
5
What is the ten thousands digit of 650898?
5
What is the units digit of 202063?
3
What is the tens digit of 249290?
9
What is the hundred thousands digit of 528811?
5
What is the hundred thousands digit of 377315?
3
What is the units digit of 1107601?
1
What is the units digit of 2242280?
0
What is the tens digit of 14312520?
2
What is the tens digit of 19055707?
0
What is the ten thousands digit of 108885?
0
What is the tens digit of 88226?
2
What is the ten thousands digit of 1432318?
3
What is the thousands digit of 752509?
2
What is the units digit of 2033262?
2
What is the units digit of 20746290?
0
What is the millions digit of 1327897?
1
What is the millions digit of 8374972?
8
What is the hundred thousands digit of 475491?
4
What is the ten thousands digit of 166064?
6
What is the tens digit of 5907433?
3
What is the units digit of 1093229?
9
What is the ten thousands digit of 27898?
2
What is the ten thousands digit of 1991790?
9
What is the hundreds digit of 9604922?
9
What is the tens digit of 27862?
6
What is the units digit of 5711671?
1
What is the hundred thousands digit of 6637513?
6
What is the ten thousands digit of 3269617?
6
What is the thousands digit of 27625742?
5
What is the hundreds digit of 3885259?
2
What is the tens digit of 8125664?
6
What is the ten thousands digit of 3331771?
3
What is the ten thousands digit of 2340813?
4
What is the hundreds digit of 775378?
3
What is the hundred thousands digit of 3008818?
0
What is the units digit of 417664?
4
What is the hundred thousands digit of 1519248?
5
What is the tens digit of 24153995?
9
What is the tens digit of 468036?
3
What is the hundreds digit of 31384?
3
What is the thousands digit of 2380233?
0
What is the ten thousands digit of 395449?
9
What is the millions digit of 41618486?
1
What is the ten thousands digit of 34460?
3
What is the thousands digit of 638424?
8
What is the ten thousands digit of 1412538?
1
What is the hundred thousands digit of 9122878?
1
What is the ten thousands digit of 20746?
2
What is the tens digit of 285751?
5
What is the millions digit of 10873865?
0
What is the units digit of 3828767?
7
What is the ten thousands digit of 383856?
8
What is the thousands digit of 3183?
3
What is the millions digit of 10173862?
0
What is the thousands digit of 4368707?
8
What is the units digit of 4391735?
5
What is the hundreds digit of 498672?
6
What is the millions digit of 5981523?
5
What is the hundred thousands digit of 4445657?
4
What is the hundreds digit of 3544372?
3
What is the thousands digit of 7843054?
3
What is the hundreds digit of 342240?
2
What is the thousands digit of 356391?
6
What is the ten thousands digit of 23499172?
9
What is the hundreds digit of 175118?
1
What is the ten thousands digit of 2452562?
5
What is the hundred thousands digit of 499422?
4
What is the hundred thousands digit of 271863?
2
What is the hundred thousands digit of 356919?
3
What is the millions digit of 8893025?
8
What is the hundred thousands digit of 1787385?
7
What is the units digit of 20015970?
0
What is the ten thousands digit of 17602362?
0
What is the units digit of 11638565?
5
What is the millions digit of 2761054?
2
What is the hundreds digit of 331680?
6
What is the hundreds digit of 397146?
1
What is the tens digit of 18764087?
8
What is the ten thousands digit of 72882?
7
What is the hundreds digit of 618647?
6
What is the hundred thousands digit of 1002211?
0
What is the ten thousands digit of 11454223?
5
What is the ten thousands digit of 4510248?
1
What is the ten thousands digit of 762330?
6
What is the ten thousands digit of 1414148?
1
What is the hundred thousands digit of 213608?
2
What is the hundreds digit of 8458139?
1
What is the hundred thousands digit of 1624066?
6
What is the hundred thousands digit of 2239954?
2
What is the ten thousands digit of 1794708?
9
What is the units digit of 3949891?
1
What is the hundreds digit of 1064756?
7
What is the hundred thousands digit of 1303986?
3
What is the ten thousands digit of 468432?
6
What is the hundred thousands digit of 221031?
2
What is the hundred thousands digit of 18462694?
4
What is the tens digit of 1177?
7
What is the hundred thousands digit of 1610181?
6
What is the ten thousands digit of 152008?
5
What is the hundred thousands digit of 504991?
5
What is the tens digit of 9089?
8
What is the ten thousands digit of 21184438?
8
What is the tens digit of 24217?
1
What is the thousands digit of 1035828?
5
What is the hundreds digit of 24206505?
5
What is the units digit of 3996460?
0
What is the ten thousands digit of 2682196?
8
What is the hundreds digit of 8185688?
6
What is the units digit of 39522?
2
What is the hundreds digit of 403679?
6
What is the units digit of 15733252?
2
What is the ten thousands digit of 21792?
2
What is the hundreds digit of 1246131?
1
What is the ten thousands digit of 347124?
4
What is the ten thousands digit of 48623?
4
What is the hundreds digit of 7485318?
3
What is the tens digit of 1528959?
5
What is the tens digit of 1712157?
5
What is the units digit of 906485?
5
What is the ten thousands digit of 20179237?
7
What is the hundreds digit of 5667738?
7
What is the thousands digit of 227391?
7
What is the ten thousands digit of 959786?
5
What is the ten thousands digit of 75569?
7
What is the ten thousands digit of 514831?
1
What is the thousands digit of 125858?
5
What is the hundred thousands digit of 5125776?
1
What is the hundreds digit of 4372251?
2
What is the ten thousands digit of 5887679?
8
What is the units digit of 77363?
3
What is the tens digit of 314644?
4
What is the hundred thousands digit of 6049151?
0
What is the ten thousands digit of 13722953?
2
What is the units digit of 264324?
4
What is the units digit of 4201584?
4
What is the thousands digit of 244130?
4
What is the units digit of 142259?
9
What is the units digit of 12989206?
6
What is the hundred thousands digit of 518676?
5
What is the thousands digit of 5989198?
9
What is the tens digit of 42586?
8
What is the hundreds digit of 7402388?
3
What is the hundred thousands digit of 1575793?
5
What is the hundreds digit of 823319?
3
What is the thousands digit of 161775?
1
What is the hundred thousands digit of 8318268?
3
What is the units digit of 14956023?
3
What is the hundred thousands digit of 895354?
8
What is the thousands digit of 689464?
9
What is the units digit of 1778017?
7
What is the thousands digit of 2656553?
6
What is the units digit of 12708586?
6
What is the thousands digit of 7976612?
6
What is the hundred thousands digit of 1433367?
4
What is the units digit of 4701466?
6
What is the millions digit of 2297499?
2
What is the ten thousands digit of 131578?
3
What is the tens digit of 218879?
7
What is the hundred thousands digit of 533951?
5
What is the units digit of 3262711?
1
What is the tens digit of 4140786?
8
What is the thousands digit of 2162395?
2
What is the hundred thousands digit of 839173?
8
What is t